{"id":218,"date":"2010-03-25T22:55:18","date_gmt":"2010-03-25T21:55:18","guid":{"rendered":"http:\/\/www.spvgg-osterhofen.de\/site_2010\/?page_id=218"},"modified":"2015-09-22T12:29:55","modified_gmt":"2015-09-22T11:29:55","slug":"sportstatten","status":"publish","type":"page","link":"http:\/\/www.spvgg-osterhofen.de\/site_2010\/verein\/sportstatten","title":{"rendered":"Sportst\u00e4tten"},"content":{"rendered":"<p>&nbsp;<\/p>\n<p><small>Sportplatz 1<\/small><\/p>\n<p><iframe loading=\"lazy\" src=\"http:\/\/maps.google.de\/maps?f=q&amp;source=s_q&amp;hl=de&amp;geocode=&amp;q=osterhofen&amp;sll=51.151786,10.415039&amp;sspn=14.021423,49.790039&amp;ie=UTF8&amp;hq=&amp;hnear=Osterhofen,+Deggendorf,+Bayern&amp;t=h&amp;ll=48.700294,13.014464&amp;spn=0.004957,0.00912&amp;z=16&amp;iwloc=A&amp;output=embed\" width=\"425\" height=\"350\" frameborder=\"0\" marginwidth=\"0\" marginheight=\"0\" scrolling=\"no\"><\/iframe><br \/>\n<small><a style=\"color: #0000ff; text-align: left;\" href=\"http:\/\/maps.google.de\/maps?f=q&amp;source=embed&amp;hl=de&amp;geocode=&amp;q=osterhofen&amp;sll=51.151786,10.415039&amp;sspn=14.021423,49.790039&amp;ie=UTF8&amp;hq=&amp;hnear=Osterhofen,+Deggendorf,+Bayern&amp;t=h&amp;ll=48.700294,13.014464&amp;spn=0.004957,0.00912&amp;z=16&amp;iwloc=A\">Gr\u00f6\u00dfere Kartenansicht<\/a><\/small><\/p>\n<p>&nbsp;<\/p>\n<p><small>Sportplatz 2<\/small><\/p>\n<p><iframe loading=\"lazy\" src=\"http:\/\/maps.google.de\/maps?q=48.700296,13.014709&amp;num=1&amp;t=h&amp;sll=48.700753,13.021441&amp;sspn=0.117896,0.256119&amp;hl=de&amp;ie=UTF8&amp;ll=48.700648,13.015226&amp;spn=0.002478,0.00456&amp;z=17&amp;output=embed\" width=\"425\" height=\"350\" frameborder=\"0\" marginwidth=\"0\" marginheight=\"0\" scrolling=\"no\"><\/iframe><br \/>\n<small><a style=\"color: #0000ff; text-align: left;\" href=\"http:\/\/maps.google.de\/maps?q=48.700296,13.014709&amp;num=1&amp;t=h&amp;sll=48.700753,13.021441&amp;sspn=0.117896,0.256119&amp;hl=de&amp;ie=UTF8&amp;ll=48.700648,13.015226&amp;spn=0.002478,0.00456&amp;z=17&amp;source=embed\">Gr\u00f6\u00dfere Kartenansicht<\/a><\/small><\/p>\n<p>&nbsp;<\/p>\n","protected":false},"excerpt":{"rendered":"<p>&nbsp; Sportplatz 1 Gr\u00f6\u00dfere Kartenansicht &nbsp; Sportplatz 2 Gr\u00f6\u00dfere Kartenansicht &nbsp;<\/p>\n","protected":false},"author":2,"featured_media":0,"parent":208,"menu_order":3,"comment_status":"closed","ping_status":"closed","template":"","meta":{"ngg_post_thumbnail":0,"footnotes":""},"class_list":["post-218","page","type-page","status-publish","hentry"],"aioseo_notices":[],"_links":{"self":[{"href":"http:\/\/www.spvgg-osterhofen.de\/site_2010\/wp-json\/wp\/v2\/pages\/218","targetHints":{"allow":["GET"]}}],"collection":[{"href":"http:\/\/www.spvgg-osterhofen.de\/site_2010\/wp-json\/wp\/v2\/pages"}],"about":[{"href":"http:\/\/www.spvgg-osterhofen.de\/site_2010\/wp-json\/wp\/v2\/types\/page"}],"author":[{"embeddable":true,"href":"http:\/\/www.spvgg-osterhofen.de\/site_2010\/wp-json\/wp\/v2\/users\/2"}],"replies":[{"embeddable":true,"href":"http:\/\/www.spvgg-osterhofen.de\/site_2010\/wp-json\/wp\/v2\/comments?post=218"}],"version-history":[{"count":23,"href":"http:\/\/www.spvgg-osterhofen.de\/site_2010\/wp-json\/wp\/v2\/pages\/218\/revisions"}],"predecessor-version":[{"id":4054,"href":"http:\/\/www.spvgg-osterhofen.de\/site_2010\/wp-json\/wp\/v2\/pages\/218\/revisions\/4054"}],"up":[{"embeddable":true,"href":"http:\/\/www.spvgg-osterhofen.de\/site_2010\/wp-json\/wp\/v2\/pages\/208"}],"wp:attachment":[{"href":"http:\/\/www.spvgg-osterhofen.de\/site_2010\/wp-json\/wp\/v2\/media?parent=218"}],"curies":[{"name":"wp","href":"https:\/\/api.w.org\/{rel}","templated":true}]}}